 multiple of 65?
True
Is 2 a factor of 62180?
True
Is 119484 a multiple of 106?
False
Is 39145 a multiple of 48?
False
Does 24 divide 45720?
True
Is 420720 a multiple of 12?
True
Does 394 divide 221424?
False
Does 81 divide 326529?
False
Is 651349 a multiple of 256?
False
Does 32 divide 2157824?
True
Is 4798374 a multiple of 399?
True
Does 21 divide 274907?
False
Is 69789 a multiple of 43?
True
Does 1138 divide 2062056?
True
Does 44 divide 271040?
True
Does 9 divide 183506?
False
Is 462 a factor of 335874?
True
Is 337732 a multiple of 82?
False
Does 419 divide 242290?
False
Is 11 a factor of 280251?
False
Is 5 a factor of 82425?
True
Does 13 divide 137931?
False
Is 254794 a multiple of 23?
True
Is 24934 a multiple of 137?
True
Does 10 divide 284620?
True
Is 19 a factor of 35872?
True
Is 4 a factor of 76256?
True
Is 1193156 a multiple of 542?
False
Does 5 divide 63965?
True
Is 13 a factor of 208988?
True
Does 21 divide 146328?
True
Does 435 divide 1181460?
True
Is 5 a factor of 44470?
True
Does 7 divide 21136885?
True
Is 498 a factor of 168822?
True
Does 17 divide 1488804?
False
Is 1582095 a multiple of 5?
True
Is 14 a factor of 2997946?
True
Does 16 divide 277536?
True
Is 1839727 a multiple of 123?
False
Does 20 divide 687720?
True
Is 3 a factor of 4842?
True
Is 5129584 a multiple of 613?
True
Does 22 divide 81114?
True
Does 5 divide 40175?
True
Does 1293 divide 49269?
False
Is 666871 a multiple of 6?
False
Is 151 a factor of 317251?
True
Does 16 divide 2031904?
True
Does 14 divide 9471182?
True
Is 113285 a multiple of 5?
True
Does 125 divide 7490250?
True
Is 28 a factor of 2811088?
True
Does 62 divide 4220092?
True
Does 344 divide 16014733?
False
Does 206 divide 25849?
False
Does 133 divide 160132?
True
Does 13 divide 4470479?
True
Does 8 divide 616216?
True
Does 122 divide 147507?
False
Is 953 a factor of 286187?
False
Is 8 a factor of 4202868?
False
Is 581590 a multiple of 38?
True
Is 141856 a multiple of 88?
True
Is 11 a factor of 361859?
False
Does 83 divide 2588941?
False
Does 13 divide 249366?
True
Is 74 a factor of 1935174?
True
Is 647689 a multiple of 14?
False
Is 2170203 a multiple of 7?
True
Does 16 divide 189456?
True
Is 1046 a factor of 2451824?
True
Is 9 a factor of 337824?
True
Is 474201 a multiple of 579?
True
Does 110 divide 8606290?
True
Does 944 divide 7300829?
False
Is 37 a factor of 294927?
True
Is 16 a factor of 4297072?
True
Does 183 divide 9343347?
False
Does 85 divide 920902?
False
Is 57332 a multiple of 4?
True
Is 9 a factor of 133466?
False
Does 96 divide 109824?
True
Does 626 divide 1197852?
False
Is 1063893 a multiple of 237?
True
Is 242575 a multiple of 25?
True
Is 388 a factor of 23940788?
False
Is 662239 a multiple of 53?
False
Is 61 a factor of 173240?
True
Is 10 a factor of 456443?
False
Is 233 a factor of 645088?
False
Does 186 divide 39547?
False
Does 14 divide 255919?
False
Is 11 a factor of 92197?
False
Is 9265706 a multiple of 28?
False
Does 474 divide 96222?
True
Does 5 divide 179420?
True
Is 1623140 a multiple of 23?
False
Is 45 a factor of 395550?
True
Is 23373 a multiple of 3?
True
Does 1151 divide 24368972?
True
Does 72 divide 179064?
True
Is 3321154 a multiple of 17?
True
Is 101934 a multiple of 43?
False
Is 40152 a multiple of 25?
False
Is 15 a factor of 4179465?
True
Is 107541 a multiple of 9?
True
Is 145500 a multiple of 250?
True
Does 11 divide 30293?
False
Is 57489 a multiple of 4?
False
Is 4 a factor of 412270?
False
Is 170872 a multiple of 31?
True
Does 48 divide 359251?
False
Does 15 divide 13932120?
True
Does 53 divide 1478541?
True
Does 151 divide 1227129?
False
Does 137 divide 410726?
True
Is 2282913 a multiple of 17?
True
Is 788 a factor of 398997?
False
Is 532882 a multiple of 836?
False
Is 1378053 a multiple of 81?
True
Does 67 divide 369415?
False
Is 66 a factor of 996803?
False
Is 761800 a multiple of 65?
True
Does 12 divide 1231776?
True
Is 206625 a multiple of 285?
True
Does 232 divide 388471?
False
Is 10 a factor of 12629478?
False
Is 24 a factor of 14880?
True
Does 373 divide 171207?
True
Is 9135765 a multiple of 192?
False
Is 5 a factor of 7018?
False
Does 43 divide 19051490?
False
Is 1460649 a multiple of 34?
False
Is 2 a factor of 83413?
False
Does 40 divide 16283?
False
Does 60 divide 27060?
True
Is 39 a factor of 6775353?
True
Is 46 a factor of 156547?
False
Is 6 a factor of 6876?
True
Is 9707660 a multiple of 123?
False
Is 253 a factor of 79354?
False
Does 1578 divide 10945008?
True
Does 194 divide 273346?
True
Does 139 divide 1981306?
True
Is 10 a factor of 461942?
False
Is 7 a factor of 14786688?
True
Is 11960 a multiple of 8?
True
Is 45599 a multiple of 10?
False
Is 62 a factor of 730670?
True
Is 9 a factor of 40266?
True
Is 6015714 a multiple of 250?
False
Is 179349 a multiple of 46?
False
Is 577970 a multiple of 29?
True
Does 624 divide 12267216?
True
Is 358176 a multiple of 492?
True
Is 11 a factor of 18326880?
True
Does 32 divide 1478144?
True
Is 132 a factor of 113256?
True
Does 188 divide 133480?
True
Is 14210 a multiple of 10?
True
Is 61728 a multiple of 32?
True
Is 489950 a multiple of 10?
True
Is 96700 a multiple of 50?
True
Does 40 divide 751160?
True
Is 5435976 a multiple of 28?
True
Does 734 divide 2895992?
False
Is 12 a factor of 37464?
True
Is 6307 a multiple of 53?
True
Does 53 divide 1373866?
True
Is 67 a factor of 219223?
False
Does 26 divide 1704404?
True
Is 26 a factor of 5139912?
False
Does 581 divide 3393621?
True
Is 59 a factor of 574701?
False
Does 26 divide 185744?
True
Is 747486 a multiple of 393?
True
Does 26 divide 164190?
True
Is 840407 a multiple of 18?
False
Is 12443683 a multiple of 15?
False
Does 8 divide 10905520?
True
Does 50 divide 645953?
False
Does 224 divide 33376?
True
Is 258700 a multiple of 26?
True
Does 153 divide 278253?
False
Does 85 divide 584630?
True
Does 109 divide 379578?
False
Is 12 a factor of 72937?
False
Does 6 divide 802410?
True
Does 3 divide 52019?
False
Does 111 divide 2116881?
True
Does 371 divide 19692788?
False
Is 17 a factor of 34505?
False
Does 30 divide 2204730?
True
Is 371500 a multiple of 12?
False
Is 233611 a multiple of 23?
True
Is 846200 a multiple of 50?
True
Does 495 divide 671874?
False
Is 878349 a multiple of 13?
False
Does 353 divide 7511?
False
Does 191 divide 2141602?
False
Does 68 divide 29376?
True
Is 3105702 a multiple of 27?
True
Is 38 a factor of 480164?
False
Is 23124 a multiple of 162?
False
Does 191 divide 1075139?
True
Is 91 a factor of 1459185?
True
Does 783 divide 346451?
False
Does 119 divide 2579358?
False
Is 121316 a multiple of 52?
True
Is 2675676 a multiple of 586?
True
Does 140 divide 18478119?
False
Is 149 a factor of 6022729?
True
Is 55188 a multiple of 54?
True
Does 27 divide 85212?
True
Does 14 divide 1755978?
True
Is 4914439 a multiple of 654?
False
Is 14 a factor of 1876041?
False
Does 73 divide 82629?
False
Is 328367 a multiple of 169?
True
Is 8 a factor of 524052?
False
Is 273104 a multiple of 169?
True
Is 1660061 a multiple of 12?
False
Is 79 a factor of 7900?
True
Does 56 divide 649880?
True
Is 152 a factor of 100241?
False
Does 70 divide 605129?
False
Is 2 a factor of 36379?
False
Does 6 divide 16331?
False
Is 1458167 a multiple of 286?
False
Is 44 a factor of 782144?
True
Is 733347 a multiple of 251?
False
Is 36 a factor of 92594?
False
Is 9 a factor of 13096935?
True
Is 2953271 a multiple of 420?
False
Is 123740 a multiple of 15?
False
Does 42 divide 7566342?
True
Is 885116 a multiple of 158?
True
Does 12 divide 1670509?
False
Is 147 a factor of 548163?
True
Is 34028 a multiple of 14?
False
Is 20 a factor of 1816838?
False
Does 35 divide 1106665?
True
Does 82 divide 366547?
False
Does 511 divide 4013394?
True
Is 9216 a multiple of 144?
True
Is 1178912 a multiple of 56?
True
Is 1503360 a multiple of 116?
True
Is 79087 a multiple of 62?
False
Is 83 a factor of 25481?
True
Does 15 divide 41591?
False
Is 6 a factor of 3704225?
False
Does 475 divide 7625122?
False
Is 11 a factor of 37883758?
True
Does 44 divide 194700?
True
Does 2 divide 100430?
True
Does 500 divide 403000?
True
Does 20 divide 1209913?
False
Is 5 a factor of 15980?
True
Is 618675 a multiple of 73?
True
Does 19 divide 105587?
False
Does 25 divide 185375?
True
Is 3160 a multiple of 138?
False
Does 71 di